en 2357248 is divided by 2327?
2324
Calculate the remainder when 5606694 is divided by 209.
60
What is the remainder when 2282575 is divided by 2201?
138
What is the remainder when 66194 is divided by 698?
582
What is the remainder when 9627763 is divided by 245?
243
Calculate the remainder when 27376 is divided by 991.
619
Calculate the remainder when 7039903 is divided by 7039890.
13
What is the remainder when 3332764 is divided by 1710?
1684
Calculate the remainder when 5595013 is divided by 27698.
17
Calculate the remainder when 61528239 is divided by 9118.
9093
What is the remainder when 6880733 is divided by 5158?
5119
Calculate the remainder when 326964 is divided by 168.
36
Calculate the remainder when 92013 is divided by 22806.
789
What is the remainder when 52013674 is divided by 388?
334
What is the remainder when 5465947 is divided by 223?
217
What is the remainder when 6287313 is divided by 2095664?
321
Calculate the remainder when 21224687 is divided by 35.
22
Calculate the remainder when 1502012 is divided by 132.
116
What is the remainder when 39785913 is divided by 2184?
2169
Calculate the remainder when 214160 is divided by 71245.
425
Calculate the remainder when 20323459 is divided by 849.
97
Calculate the remainder when 12651884 is divided by 6.
2
Calculate the remainder when 229721406 is divided by 973.
971
Calculate the remainder when 18963036 is divided by 16.
12
What is the remainder when 6355805768 is divided by 191?
189
What is the remainder when 27109138 is divided by 32?
18
What is the remainder when 28098613 is divided by 3756?
3733
Calculate the remainder when 301034 is divided by 300912.
122
Calculate the remainder when 2469337 is divided by 1049.
1040
What is the remainder when 306426 is divided by 306284?
142
What is the remainder when 62696 is divided by 30225?
2246
What is the remainder when 133400 is divided by 1111?
80
What is the remainder when 93585105 is divided by 79?
46
Calculate the remainder when 2959770 is divided by 262.
218
What is the remainder when 229613 is divided by 110779?
8055
What is the remainder when 82594985 is divided by 14?
11
Calculate the remainder when 7211743 is divided by 3834.
3823
What is the remainder when 39294 is divided by 474?
426
Calculate the remainder when 1466085 is divided by 1328.
1301
Calculate the remainder when 14759 is divided by 13432.
1327
What is the remainder when 1533528 is divided by 511062?
342
What is the remainder when 216046 is divided by 8307?
64
What is the remainder when 72998 is divided by 32?
6
What is the remainder when 194941 is divided by 7497?
19
What is the remainder when 539533 is divided by 41?
14
Calculate the remainder when 681486 is divided by 240.
126
Calculate the remainder when 1160766 is divided by 829.
166
What is the remainder when 1816848 is divided by 100932?
72
Calculate the remainder when 42514198 is divided by 200.
198
What is the remainder when 6421 is divided by 1413?
769
What is the remainder when 74883 is divided by 428?
411
What is the remainder when 6861 is divided by 1259?
566
Calculate the remainder when 2004008 is divided by 22.
6
Calculate the remainder when 9352044 is divided by 38016.
108
Calculate the remainder when 760341 is divided by 190077.
33
What is the remainder when 61957958 is divided by 198?
194
What is the remainder when 69004 is divided by 34464?
76
Calculate the remainder when 2751362 is divided by 1920.
2
Calculate the remainder when 11696738 is divided by 158.
156
Calculate the remainder when 499345 is divided by 2645.
2085
What is the remainder when 89283 is divided by 214?
45
Calculate the remainder when 1164983 is divided by 33.
17
Calculate the remainder when 908968 is divided by 60561.
553
Calculate the remainder when 2238355 is divided by 503.
5
What is the remainder when 4002401 is divided by 191?
187
What is the remainder when 117846 is divided by 701?
78
What is the remainder when 3213524 is divided by 17656?
132
Calculate the remainder when 133375064 is divided by 5451.
5447
What is the remainder when 59920669 is divided by 3930?
3889
What is the remainder when 34449 is divided by 7445?
4669
What is the remainder when 132542 is divided by 3100?
2342
Calculate the remainder when 7794631 is divided by 371171.
40
Calculate the remainder when 158263381 is divided by 25.
6
Calculate the remainder when 404769 is divided by 5123.
52
What is the remainder when 78797 is divided by 442?
121
Calculate the remainder when 114268 is divided by 38.
2
Calculate the remainder when 25847 is divided by 1174.
19
What is the remainder when 1863261 is divided by 1863261?
0
Calculate the remainder when 7378881 is divided by 180.
141
Calculate the remainder when 430583 is divided by 18.
5
What is the remainder when 3858896 is divided by 380?
376
Calculate the remainder when 449861 is divided by 149461.
1478
What is the remainder when 1579295 is divided by 131606?
23
What is the remainder when 113753 is divided by 2708?
17
Calculate the remainder when 158801 is divided by 3909.
2441
Calculate the remainder when 25241577 is divided by 134.
131
What is the remainder when 175314191 is divided by 16?
15
Calculate the remainder when 188103 is divided by 3398.
1213
What is the remainder when 30410917 is divided by 2534242?
13
What is the remainder when 102494 is divided by 18474?
10124
What is the remainder when 734219 is divided by 3765?
44
What is the remainder when 32572 is divided by 32556?
16
Calculate the remainder when 1906586 is divided by 1906579.
7
Calculate the remainder when 67772158 is divided by 636.
634
Calculate the remainder when 18018968 is divided by 928.
920
Calculate the remainder when 836246 is divided by 9088.
150
What is the remainder when 67133783 is divided by 3?
2
Calculate the remainder when 2865806 is divided by 878.
14
What is the remainder when 17097680 is divided by 199?
197
Calculate the remainder when 82399 is divided by 303.
286
What is the remainder when 10935440 is divided by 5467719?
2
Calculate the remainder when 41591699 is divided by 4493.
4491
Calculate the remainder when 122158 is divided by 122148.
10
What is the remainder when 101293 is divided by 1985?
58
What is the remainder when 30890520 is divided by 4?
0
What is the remainder when 608616 is divided by 477?
441
What is the remainder when 2647936 is divided by 533?
525
What is the remainder when 10790189 is divided by 13?
7
What is the remainder when 40024047 is divided by 2865?
2862
What is the remainder when 97117 is divided by 48547?
23
What is the remainder when 16289 is divided by 16173?
116
Calculate the remainder when 3417699 is divided by 1708814.
71
What is the remainder when 24964 is divided by 1127?
170
What is the remainder when 1239375 is divided by 117?
111
What is the remainder when 778954 is divided by 538?
468
Calculate the remainder when 17817261 is divided by 8361.
8331
What is the remainder when 124031 is divided by 544?
543
Calculate the remainder when 2242830 is divided by 65.
5
What is the remainder when 59990 is divided by 14772?
902
Calculate the remainder when 33614751 is divided by 218.
23
What is the remainder when 3993536 is divided by 70?
36
What is the remainder when 1406539 is divided by 407?
354
What is the remainder when 14331259 is divided by 597131?
115
What is the remainder when 10803700 is divided by 881?
878
Calculate the remainder when 3474 is divided by 348.
342
What is the remainder when 2261798 is divided by 173973?
149
Calculate the remainder when 1240139 is divided by 37.
10
What is the remainder when 954404 is divided by 5928?
5924
Calculate the remainder when 4239496 is divided by 4239474.
22
What is the remainder when 18449865 is divided by 242760?
105
Calculate the remainder when 2388752 is divided by 182.
2
Calculate the remainder when 104214 is divided by 9258.
2376
What is the remainder when 24671053 is divided by 769?
764
Calculate the remainder when 1680891 is divided by 17509.
27
Calculate the remainder when 1675374 is divided by 169.
77
What is the remainder when 210726 is divided by 2604?
2406
Calculate the remainder when 1835231437 is divided by 8.
5
Calculate the remainder when 18600 is divided by 9232.
136
Calculate the remainder when 277048 is divided by 216